z?
6
Suppose -11*s = -7*s - 28. Let m = -3 + 17. What is the highest common divisor of s and m?
7
Suppose y = -3*y + 20. Suppose -y*i + 12 = 2. Suppose 0 = -5*l - 6 + 16. What is the greatest common factor of i and l?
2
Let t = -95 + 97. Calculate the greatest common divisor of 9 and t.
1
Suppose -3*u + 2*y + 226 = -u, 5*u + 4*y = 520. Suppose 5*m - 4*l + 27 = -0*l, 4*l = 12. Let d = m - -15. Calculate the greatest common factor of u and d.
12
Let d = 19 - 3. What is the greatest common divisor of 80 and d?
16
Let i be (-2)/(-10) - 264/(-30). Let v be -1 + (-5)/((-5)/64). What is the highest common factor of i and v?
9
Let a(v) = v + 6. Let g be a(7). What is the highest common divisor of 39 and g?
13
Let f be (-26*1)/(-2) - (-1 + 3). Calculate the greatest common divisor of 66 and f.
11
Let c = -6 - -6. Suppose -3*z + 27 + 57 = c. Calculate the highest common factor of 14 and z.
14
Let w = 10 + 0. Suppose -7*i - 30 = -w*i. What is the highest common factor of i and 4?
2
Let b(d) = -4*d**3 + 2*d**2 + 2*d. Let s be b(2). Let c be (-5)/2*56/s. What is the highest common factor of 49 and c?
7
Let u = 9 - 5. Let c(o) = o**3 + 2*o**2 - 2*o - 1. Let d be c(-3). Let x be (5 + d)*(2 - 1). What is the greatest common divisor of x and u?
1
Suppose u + 5 = 2*u, 5*y - 2*u - 130 = 0. Let n(a) = a + 8. Let w be -5*1/((-10)/(-8)). Let f be n(w). What is the highest common factor of y and f?
4
Suppose 2*i - 25 = 25. Calculate the highest common divisor of i and 10.
5
Let n(i) = 9*i**2 - i + 1. Let t be n(-2). Suppose a + 5 - 19 = -5*m, 0 = 3*a + 3. Suppose w - m*w = -26. Calculate the highest common factor of w and t.
13
Let u = -7 + 24. Calculate the highest common divisor of u and 34.
17
Suppose w = -3*m + 43 - 6, -3*w - 5*m = -115. Suppose 0*g + 200 = 2*g. What is the highest common factor of w and g?
20
Let o(a) = -11*a - 4. Let s(d) = 23*d + 9. Let p(h) = 13*o(h) + 6*s(h). Let r be p(-1). Let b = 24 + -17. What is the greatest common divisor of r and b?
7
Let w(l) = 2*l**2 + l + 5. Let c be w(7). Let y be ((-35)/10)/7*-22. What is the highest common divisor of c and y?
11
Suppose -22*p + 7*p + 510 = 0. Calculate the greatest common divisor of 51 and p.
17
Let k(y) = -4*y + 3. Let x be k(-2). Calculate the greatest common factor of 66 and x.
11
Suppose -s - 11 = -62. Calculate the greatest common divisor of 34 and s.
17
Let h be ((-1)/(-2))/(3/504). Calculate the highest common divisor of 21 and h.
21
Let s = 1 + 1. Suppose 2*o - l = -5*l + 34, -s*o - 5*l + 37 = 0. Suppose -4*g = g + 2*v - 55, o = g - 4*v. What is the highest common divisor of 110 and g?
11
Let u = 4 + 156. Calculate the greatest common divisor of u and 20.
20
Let s be 8/(-1 + 3/2). Let w be (s/(-6))/((-6)/9). Suppose 0 = -w*y + 46 + 122. What is the highest common divisor of 14 and y?
14
Suppose 13*q = 17*q - 20. Calculate the highest common divisor of 5 and q.
5
Let p = 111 - -33. Suppose -3*t = 2*t - 80. Calculate the highest common divisor of p and t.
16
Suppose -2 - 48 = -5*r. Let m = -21 + 111. What is the highest common divisor of r and m?
10
Suppose 14*m - 4 = 108. Calculate the greatest common divisor of 6 and m.
2
Let q(n) = 2*n**2 - 6. Let p be q(-5). Let v = 68 - p. Let l = 41 + -33. Calculate the highest common factor of v and l.
8
Suppose 3*f = 3*q - 1068, -4*q - 2*f - 670 = -2118. What is the highest common divisor of q and 40?
40
Let b be (6/(-4))/(1/(-14)). Calculate the highest common factor of b and 147.
21
Let j = 64 - 48. Let n(x) = 128*x**2 + x - 1. Let f be n(1). Calculate the highest common divisor of f and j.
16
Suppose -3 = -s, 2*f + f - 4*s - 3 = 0. Suppose i - m - f = -0*m, 0 = 5*i - 4*m - 28. Let v = 6 + 10. Calculate the highest common factor of v and i.
8
Let a = -5 - -11. Let p be (0 + 121)/(3/a). What is the greatest common divisor of p and 22?
22
Let d be -2 - (-520)/(2 + 2). Calculate the greatest common divisor of 16 and d.
16
Let q = 11 + -5. Let h be q/18*(1 + 56). Suppose -4*t + v + 681 = 0, 0 = -4*t + 3*v + 474 + 201. What is the highest common divisor of t and h?
19
Let t(n) = -n**3 + n**2 + n - 10. Let s be t(0). Let r be (s/4 - -3)*84. Calculate the highest common factor of r and 14.
14
Let o = -13 - -30. What is the highest common factor of 17 and o?
17
Let m(b) = 2*b - 13. Let r be m(9). Suppose k - l - 23 = -4*l, 155 = r*k + 5*l. Calculate the greatest common divisor of 5 and k.
5
Let d = 8 + 8. Suppose -4*n + d = -2*n. What is the greatest common factor of n and 8?
8
Suppose 3*x - 5*x = -4. Calculate the greatest common factor of x and 1.
1
Let x(b) = 3*b + 1. Let i be x(1). Calculate the highest common factor of 44 and i.
4
Let m(p) = 2*p**2 + 7*p - 8. Let q(a) = a**2 + 3*a - 4. Let w(t) = -2*m(t) + 5*q(t). Let h be w(-3). Calculate the greatest common divisor of 2 and h.
2
Let l(k) = -k**3 - 2*k**2 - k. Let w be l(-2). Let o be (-1 + 1)/w + 0. Suppose 4*q - 124 - 132 = o. What is the greatest common divisor of 8 and q?
8
Let o(p) be the first derivative of -5/2*p**2 - 7*p - 2 + 1/3*p**3. Let b be o(7). Calculate the highest common factor of 77 and b.
7
Suppose -3 = 3*t - 0*t. Let f = t - -4. Suppose 4*r - 59 = -f*n, 2*n - 3*r + 2*r - 32 = 0. Calculate the greatest common divisor of 153 and n.
17
Suppose 7*g - 62 = 1. Calculate the greatest common factor of 36 and g.
9
Let v be 3 - (-1*12 - -2). What is the highest common factor of 52 and v?
13
Let m(j) = 8*j + 4. Let d be m(2). Calculate the highest common divisor of d and 5.
5
Let y be 2/(((-18)/15)/(-3)). Let v be y*(18/15 + -2). Let p be 1*15 - (7 + v). Calculate the highest common divisor of p and 6.
6
Suppose 0 = -4*z - 0*z + 56. Let u = 23 + 19. What is the greatest common divisor of z and u?
14
Let o = -6 + 10. Suppose 0 = 4*j - o*w - 4, 1 = -j - 3*w + 2*w. Suppose -2*g = -3*q - 11 - 19, j = -2*q - 8. What is the highest common factor of 6 and g?
3
Let l(z) = 2*z**3 - z**2 + 5*z - 8. Let i be l(2). Calculate the greatest common divisor of i and 6.
2
Suppose -2*b = -b + 6. Let l be 2/3 - 56/b. Suppose -5*s + t + 6 + 17 = 0, 0 = 2*s + t - 12. Calculate the highest common divisor of l and s.
5
Let y be (-2)/(-4) - 90/(-12). Let j be (32/y)/(1/(-1)). Let c be ((-5)/(-2))/((-1)/j). What is the highest common divisor of 4 and c?
2
Suppose 21 = -q + 2*q. Let w = 85 - q. Calculate the greatest common divisor of w and 8.
8
Let f(x) = 138*x + 1. Let j be f(-1). Let h = 197 + j. Calculate the greatest common factor of h and 12.
12
Suppose -2*c = 5*v - 210, -c - 5*v + 84 = -16. What is the greatest common factor of 10 and c?
10
Let x = 153 + -49. What is the highest common divisor of 13 and x?
13
Let r = 13 - 7. Suppose 2*s - r*s + 16 = 0. Suppose -s*c = -10 - 6. Calculate the highest common divisor of c and 16.
4
Let w be ((-38)/4)/(7/(-70)). What is the greatest common divisor of 38 and w?
19
Let g = -3 + 5. Let b(h) = 3*h**2 - 2*h + 3. Let z be b(g). Calculate the greatest common divisor of 99 and z.
11
Let i be (-1 - -1)*4/(-8). Suppose -5*r = 2*n - i*r + 5, -2*n = -5*r - 5. Suppose -3*g + 0*g + 81 = n. What is the greatest common divisor of g and 3?
3
Let y be (4 - -3)/(3 + (-26)/9). Suppose d - 12 = -3. Calculate the greatest common factor of d and y.
9
Let z be (-1)/(-1) + (-808)/16*-6. Calculate the highest common factor of 19 and z.
19
Let d = 6 - 6. Suppose d = 5*b - 48 - 222. Let i = -69 + 105. Calculate the highest common divisor of b and i.
18
Let l(t) = -9*t. Let h be l(-2). Suppose h = 4*r - 10. What is the highest common factor of r and 21?
7
Let t = 4 - -22. What is the greatest common factor of t and 39?
13
Let k be 0 + 1 + (46 - 3). What is the greatest common divisor of 22 and k?
22
Let d = -14 + 84. What is the greatest common factor of d and 10?
10
Let x = -146 - -227. Let s(a) = -a + 13. Let j be s(4). Calculate the greatest common divisor of x and j.
9
Let d(x) = x**3 + 2*x**2 - 5*x + 4. Let w be d(3). Let a = w + -50. Let q be (-84)/a - (-2)/(-8). What is the highest common divisor of 45 and q?
5
Let l be 3/5 - 510/(-25). What is the greatest common factor of 14 and l?
7
Suppose -3*q - 25 = -4*f, 4*q - q - 3 = -3*f. Suppose -4*j - f = -36. Suppose j*l = 3*l + 175. What is the greatest common divisor of l and 7?
7
Suppose 1265 = 10*y - 5*y. What is the highest common